{"id":1339,"date":"2026-01-06T17:08:00","date_gmt":"2026-01-06T16:08:00","guid":{"rendered":"https:\/\/harmonietoulouse.com\/?page_id=1339"},"modified":"2026-01-06T17:08:00","modified_gmt":"2026-01-06T16:08:00","slug":"blog-2","status":"publish","type":"page","link":"https:\/\/harmonietoulouse.com\/index.php\/blog-2\/","title":{"rendered":"Blog"},"content":{"rendered":"\r\n<figure class=\"wp-block-image alignfull size-large\"><img loading=\"lazy\" decoding=\"async\" class=\"alignnone size-medium wp-image-1340 aligncenter\" src=\"https:\/\/harmonietoulouse.com\/wp-content\/uploads\/2026\/01\/file_000000001fc4620aba813107e23363c4-200x300.png\" alt=\"\" width=\"200\" height=\"300\" srcset=\"https:\/\/harmonietoulouse.com\/wp-content\/uploads\/2026\/01\/file_000000001fc4620aba813107e23363c4-200x300.png 200w, https:\/\/harmonietoulouse.com\/wp-content\/uploads\/2026\/01\/file_000000001fc4620aba813107e23363c4-683x1024.png 683w, https:\/\/harmonietoulouse.com\/wp-content\/uploads\/2026\/01\/file_000000001fc4620aba813107e23363c4-768x1152.png 768w, https:\/\/harmonietoulouse.com\/wp-content\/uploads\/2026\/01\/file_000000001fc4620aba813107e23363c4.png 1024w\" sizes=\"auto, (max-width: 200px) 100vw, 200px\" \/><\/figure>\r\n\r\n\r\n\r\n<h1 class=\"wp-block-heading has-text-align-center\"><strong>Ici quelques conseils et outils pour am\u00e9liorer son bien \u00eatre au quotidien de mani\u00e8res efficaces et ludiques.<\/strong><\/h1>\r\n<p>Je vais tenter de vous partager les pr\u00e9cieuses trouvailles que je rencontre sur mon chemin de th\u00e9rapeute et d&rsquo;humaine. Evidement je suis le meilleur cobaye car comme tout le monde je tente de maintenir mon bien \u00eatre physique, \u00e9motionnel et mentale afin de vivre \u00e0 fond mon moment pr\u00e9sent. Pourquoi passer \u00e0 c\u00f4t\u00e9 du bonheur quand des solutions peuvent nous aider \u00e0 cela? Je sais aussi \u00e0 quel point ce que l&rsquo;on d\u00e9gage (\u00e9nergie, \u00e9motions) impact notre environnement humain. Alors c&rsquo;est avec joie et beaucoup d&rsquo;humilit\u00e9 que je vais tenter de partager mes petites p\u00e9pites! Bonne lecture!<\/p>\r\n\r\n\r\n\r\n\r\n\r\n<h2 class=\"wp-block-heading has-text-align-center\">Mes articles r\u00e9cents<\/h2>\r\n\r\n\r\n\r\n<p><div class=\"jetpack-video-wrapper\"><iframe loading=\"lazy\" title=\"EFT stress et anxi\u00e9t\u00e9\" width=\"767\" height=\"431\" src=\"https:\/\/www.youtube.com\/embed\/1hBbCV52CBc?feature=oembed\" frameborder=\"0\" allow=\"accelerometer; autoplay; clipboard-write; encrypted-media; gyroscope; picture-in-picture; web-share\" referrerpolicy=\"strict-origin-when-cross-origin\" allowfullscreen><\/iframe><\/div><\/p>\r\n\r\n\r\n<ul class=\"wp-block-latest-posts__list has-dates wp-block-latest-posts\"><li><a class=\"wp-block-latest-posts__post-title\" href=\"https:\/\/harmonietoulouse.com\/index.php\/2024\/06\/10\/adios\/\">ADIOS<\/a><time datetime=\"2024-06-10T10:03:58+02:00\" class=\"wp-block-latest-posts__post-date\">10 juin 2024<\/time><div class=\"wp-block-latest-posts__post-excerpt\">Institut Adios Voici les outils que j&rsquo;utilise en plus de la PBA, je vous laisse en prendre connaissance. &nbsp; Pour ceux qui souhaitent \u00eatre parrain\u00e9s &hellip; <\/div><\/li>\n<li><a class=\"wp-block-latest-posts__post-title\" href=\"https:\/\/harmonietoulouse.com\/index.php\/2022\/06\/01\/ameliorer-ses-nuits-grace-a-lacupression-a-5-points\/\">Am\u00e9liorer ses nuits gr\u00e2ce \u00e0 l&rsquo;acupression \u00e0 5 points<\/a><time datetime=\"2022-06-01T22:20:02+02:00\" class=\"wp-block-latest-posts__post-date\">1 juin 2022<\/time><div class=\"wp-block-latest-posts__post-excerpt\">Voici une m\u00e9thode naturelle et efficace pour am\u00e9liorer son endormissement et son sommeil. Cet article vient compl\u00e9ter l&rsquo;article\u00a0Le sommeil et la PBA o\u00f9 je mets &hellip; <\/div><\/li>\n<\/ul>\r\n\r\n\r\n<p class=\"has-text-align-center\">\u00a0<\/p>\r\n","protected":false},"excerpt":{"rendered":"<p>Ici quelques conseils et outils pour am\u00e9liorer son bien \u00eatre au quotidien de mani\u00e8res efficaces et ludiques. Je vais tenter de vous partager les pr\u00e9cieuses &hellip; <\/p>\n","protected":false},"author":1,"featured_media":0,"parent":0,"menu_order":0,"comment_status":"closed","ping_status":"closed","template":"","meta":{"_monsterinsights_skip_tracking":false,"_monsterinsights_sitenote_active":false,"_monsterinsights_sitenote_note":"","_monsterinsights_sitenote_category":0,"footnotes":""},"class_list":["post-1339","page","type-page","status-publish","hentry"],"jetpack_sharing_enabled":true,"_links":{"self":[{"href":"https:\/\/harmonietoulouse.com\/index.php\/wp-json\/wp\/v2\/pages\/1339","targetHints":{"allow":["GET"]}}],"collection":[{"href":"https:\/\/harmonietoulouse.com\/index.php\/wp-json\/wp\/v2\/pages"}],"about":[{"href":"https:\/\/harmonietoulouse.com\/index.php\/wp-json\/wp\/v2\/types\/page"}],"author":[{"embeddable":true,"href":"https:\/\/harmonietoulouse.com\/index.php\/wp-json\/wp\/v2\/users\/1"}],"replies":[{"embeddable":true,"href":"https:\/\/harmonietoulouse.com\/index.php\/wp-json\/wp\/v2\/comments?post=1339"}],"version-history":[{"count":1,"href":"https:\/\/harmonietoulouse.com\/index.php\/wp-json\/wp\/v2\/pages\/1339\/revisions"}],"predecessor-version":[{"id":1341,"href":"https:\/\/harmonietoulouse.com\/index.php\/wp-json\/wp\/v2\/pages\/1339\/revisions\/1341"}],"wp:attachment":[{"href":"https:\/\/harmonietoulouse.com\/index.php\/wp-json\/wp\/v2\/media?parent=1339"}],"curies":[{"name":"wp","href":"https:\/\/api.w.org\/{rel}","templated":true}]}}