{"id":33,"date":"2017-06-09T15:57:08","date_gmt":"2017-06-09T14:57:08","guid":{"rendered":"http:\/\/harmonietoulouse.com\/?page_id=33"},"modified":"2024-06-10T09:54:39","modified_gmt":"2024-06-10T07:54:39","slug":"psycho-bio-acupressure-pba-theraphie-breve","status":"publish","type":"page","link":"https:\/\/harmonietoulouse.com\/index.php\/psycho-bio-acupressure-pba-theraphie-breve\/","title":{"rendered":"PBA"},"content":{"rendered":"<p style=\"text-align: center;\">Institut Dr Delatte: <span style=\"color: #006d21;\">www.<strong>psycho-bio-acupressu<\/strong><\/span><strong>re<\/strong><\/p>\n<div class=\"jetpack-video-wrapper\"><iframe loading=\"lazy\" title=\"La Psycho Bio Acupressure\" width=\"767\" height=\"575\" src=\"https:\/\/www.youtube.com\/embed\/12qjSeJa9kg?feature=oembed\" frameborder=\"0\" allow=\"accelerometer; autoplay; clipboard-write; encrypted-media; gyroscope; picture-in-picture; web-share\" referrerpolicy=\"strict-origin-when-cross-origin\" allowfullscreen><\/iframe><\/div>\n<h2 class=\"page-pba-subtitle subtitle mt-40\" style=\"text-align: center;\">Pr\u00e9sentation de la PBA<\/h2>\n<h3><img decoding=\"async\" class=\"photo-pn mb-20 alignright\" title=\"Pierre Noel Delatte\" src=\"https:\/\/praticienpba.com\/img\/pndelatte.png\" alt=\"Pierre Noel Delatte\" \/><\/h3>\n<p>Cr\u00e9\u00e9e par le Docteur Pierre-Noel Delatte, m\u00e9decin et acupuncteur fran\u00e7ais, la Psycho Bio Acupressure ou PBA permet d\u2019\u00e9liminer les m\u00e9moires \u00e9motionnelles qui peuvent perturber votre vie en emp\u00eachant d\u2019\u00eatre pleinement vous-m\u00eame.<br \/>\nCette m\u00e9thode r\u00e9pond \u00e0 un <a href=\"https:\/\/www.psycho-bio-acupressure.com\/linstitut-delatte\/code-de-deontologie\/\" target=\"_blank\" rel=\"noopener\">code de d\u00e9ontologie<\/a> et est reconnue au niveau internationnal. Dans certains pays (comme le Canada ou la nouvelle cal\u00e9donie), la s\u00e9curit\u00e9 sociale prend en charge les s\u00e9ances de PBA !<br \/>\nLa PBA est aujourd&rsquo;hui enseign\u00e9e partout sur le globe : France, Suisse, Luxembourg, Canada, Angleterre, Tahiti, La R\u00e9union, Noum\u00e9a, Isra\u00ebl, Tunisie, Etats-Unis, Duba\u00ef&#8230;<\/p>\n<h2 class=\"page-pba-subtitle subtitle mt-40\" style=\"text-align: center;\">Une s\u00e9ance se d\u00e9roule en deux temps<\/h2>\n<h3><img decoding=\"async\" class=\"photo-pn mb-20 aligncenter\" title=\"Photo Acupression\" src=\"https:\/\/praticienpba.com\/img\/acupression.png\" alt=\"Photo Acupression\" width=\"300\" \/><\/h3>\n<p>La premi\u00e8re partie consiste \u00e0 r\u00e9aliser un r\u00e9\u00e9quilibrage \u00e9nerg\u00e9tique.<br \/>\nEn prenant le pouls, le praticien identifie le circuit \u00e0 r\u00e9\u00e9quilibrer et exerce alors les 5 points d&rsquo;acupression du circuit concern\u00e9.<br \/>\nIl existe 22 circuits correspondants chacun \u00e0 une \u00e9nergie perturbatrice (peur, col\u00e8re, stress&#8230;)<br \/>\nEn appuyant avec une l\u00e9g\u00e8re pression sur ces points, le praticien dessine ainsi un circuit sur le corps qui lib\u00e9re endorphines et enk\u00e9phalines qui vont permettre au consultant de se d\u00e9tendre.<\/p>\n<p class=\"mt-20\">La seconde partie de la s\u00e9ance consiste \u00e0 \u00e9vacuer les blocages ou m\u00e9moires \u00e9motionnels.<br \/>\nLes blocages \u00e9motionnels sont des conditionnements qui se mettent en place \u00e0 notre insu et qui nous emp\u00eachent de fonctionner en accord avec notre vraie nature.<br \/>\nIls apparaissent, pour la plupart, entre notre conception et la fin de l\u2019adolescence car le cerveau n\u2019est pas mature et il n\u2019est pas en mesure de relativiser les \u00e9v\u00e9nements qui sont v\u00e9cus avec des \u00e9motions fortes.<\/p>\n<p><strong>Mais voici les qualit\u00e9s de la m\u00e9thodes PBA:<\/strong><\/p>\n<ul>\n<li>pas besoin de beaucoup de s\u00e9ances (apr\u00e8s 2 ou 3 s\u00e9ances vous ressentirez le changement mais il arrive souvent qu&rsquo;il y ait soulagement d\u00e8s la premi\u00e8re!)<\/li>\n<li>Nous ne revivons pas les traumatismes du pass\u00e9, on travail sur ce qui en d\u00e9coule, c&rsquo;est pas pareil!<\/li>\n<li>Pas besoin de parler pour ceux qui ne le souhaitent pas, le travail se fait quand m\u00eame!<\/li>\n<li>Vous ressortirez des s\u00e9ances \u00e0 chaque fois tr\u00e8s d\u00e9tendu et apais\u00e9.<\/li>\n<li>Vous venez cherchez ce que vous avez besoin, votre inconscient sait!<\/li>\n<li>On apprend des choses sur soi, on comprend ses blocages et on d\u00e9culpabilise.<\/li>\n<li>Pas d&rsquo;efforts \u00e0 faire, le cerveau \u00e9vacue tranquillement pendant les semaines qui suivent le soin.<\/li>\n<li>Vous ressortirez avec des cl\u00e9s, des outils pour savoir comment g\u00e9rer vos \u00e9motions au quotidien.<\/li>\n<\/ul>\n<h2 class=\"page-pba-subtitle subtitle mt-40\" style=\"text-align: center;\">Pour qui, pour quoi ?<\/h2>\n<p>Il n\u2019est pas n\u00e9cessaire de rechercher la cause du blocage \u00e9motionnel et de se rappeler les \u00e9v\u00e9nements douloureux. La PBA est accessible \u00e0 toute personne souhaitant se lib\u00e9rer de m\u00e9moires \u00e9motionnelles sans revenir sur son pass\u00e9, mais aussi aux adolescents, enfants ou nourrissons qui n\u2019arrivent pas \u00e0 mettre de mots sur leur mal-\u00eatre.<\/p>\n<p class=\"mt-20\">La PBA peut \u00eatre propos\u00e9e :<\/p>\n<div class=\"flex page-pba__whom\">\n<div>\n<p class=\"mt-20\" style=\"text-align: center;\"><b>Aux adultes (m\u00eame les femmes enceintes) :<\/b><\/p>\n<p><img loading=\"lazy\" decoding=\"async\" class=\"wp-image-651 alignright\" style=\"text-align: center;\" src=\"https:\/\/harmonietoulouse.com\/wp-content\/uploads\/2020\/09\/iStock-180819410-2-300x200.jpg\" alt=\"\" width=\"307\" height=\"204\" srcset=\"https:\/\/harmonietoulouse.com\/wp-content\/uploads\/2020\/09\/iStock-180819410-2-300x200.jpg 300w, https:\/\/harmonietoulouse.com\/wp-content\/uploads\/2020\/09\/iStock-180819410-2-768x512.jpg 768w, https:\/\/harmonietoulouse.com\/wp-content\/uploads\/2020\/09\/iStock-180819410-2.jpg 800w\" sizes=\"auto, (max-width: 307px) 100vw, 307px\" \/><\/p>\n<ul class=\"page-pba__list\">\n<li style=\"text-align: left;\">Stress<\/li>\n<li style=\"text-align: left;\">Peurs<\/li>\n<li style=\"text-align: left;\">Col\u00e8re<\/li>\n<li style=\"text-align: left;\">L\u00e2cher prise<\/li>\n<li style=\"text-align: left;\">Jalousie<\/li>\n<li style=\"text-align: left;\">Allergies<\/li>\n<li style=\"text-align: left;\">Manque de confiance<\/li>\n<li style=\"text-align: left;\">Amour de soi<\/li>\n<li style=\"text-align: left;\">Sommeil\u2026<\/li>\n<\/ul>\n<\/div>\n<div>\n<p class=\"mt-20\" style=\"text-align: center;\"><b>Aux enfants, aux ados :<\/b><\/p>\n<h4 style=\"text-align: center;\"><img loading=\"lazy\" decoding=\"async\" class=\"wp-image-650 alignright\" style=\"font-weight: 400;\" src=\"https:\/\/harmonietoulouse.com\/wp-content\/uploads\/2020\/09\/ca243fc18eae35f4f7b9f01587207469-300x200.jpg\" alt=\"\" width=\"299\" height=\"199\" srcset=\"https:\/\/harmonietoulouse.com\/wp-content\/uploads\/2020\/09\/ca243fc18eae35f4f7b9f01587207469-300x200.jpg 300w, https:\/\/harmonietoulouse.com\/wp-content\/uploads\/2020\/09\/ca243fc18eae35f4f7b9f01587207469-768x512.jpg 768w, https:\/\/harmonietoulouse.com\/wp-content\/uploads\/2020\/09\/ca243fc18eae35f4f7b9f01587207469.jpg 1024w\" sizes=\"auto, (max-width: 299px) 100vw, 299px\" \/><\/h4>\n<ul class=\"page-pba__list\">\n<li style=\"text-align: left;\">Manque de concentration<\/li>\n<li style=\"text-align: left;\">Enur\u00e9sie<\/li>\n<li style=\"text-align: left;\">Ecz\u00e9ma<\/li>\n<li style=\"text-align: left;\">Allergies<\/li>\n<li style=\"text-align: left;\">Stress li\u00e9 aux examens<\/li>\n<li>addiction au t\u00e9l\u00e9phone<\/li>\n<li style=\"text-align: left;\">Concentration difficile<\/li>\n<li style=\"text-align: left;\">Peur du noir<\/li>\n<li style=\"text-align: left;\">Troubles du sommeil<\/li>\n<li style=\"text-align: left;\">Divorce des parents<\/li>\n<li style=\"text-align: left;\">Probl\u00e8mes d&rsquo;attachement\u2026<\/li>\n<\/ul>\n<\/div>\n<div>\n<p class=\"mt-20\" style=\"text-align: center;\"><b>Ou aux nourrissons :<\/b><\/p>\n<p><img loading=\"lazy\" decoding=\"async\" class=\"size-medium wp-image-653 alignright\" style=\"text-align: center;\" src=\"https:\/\/harmonietoulouse.com\/wp-content\/uploads\/2020\/09\/bebe-noir-La-Scandaleuse-1-300x203.jpg\" alt=\"\" width=\"300\" height=\"203\" srcset=\"https:\/\/harmonietoulouse.com\/wp-content\/uploads\/2020\/09\/bebe-noir-La-Scandaleuse-1-300x203.jpg 300w, https:\/\/harmonietoulouse.com\/wp-content\/uploads\/2020\/09\/bebe-noir-La-Scandaleuse-1.jpg 515w\" sizes=\"auto, (max-width: 300px) 100vw, 300px\" \/><\/p>\n<ul class=\"page-pba__list\">\n<li>Coliques<\/li>\n<li>Allergies<\/li>\n<li>Ecz\u00e9ma<\/li>\n<li>Sommeil<\/li>\n<li>Naissance difficile<\/li>\n<li>S\u00e9parations difficiles<\/li>\n<li>Troubles alimentaires (r\u00e9gurgitation)<\/li>\n<\/ul>\n<\/div>\n<\/div>\n<div class=\"mt-40 mb-40\">\n<p class=\"mb-20\">La PBA vous int\u00e9resse ? N&rsquo;h\u00e9sitez pas \u00e0 contacter le praticien le plus pr\u00e8s de chez vous :<\/p>\n<p><a class=\"home-button button button--big\" href=\"https:\/\/www.psycho-bio-acupressure.com\/praticiens-agrees-et-stagiaires\/\" target=\"_blank\" rel=\"noopener\"><i class=\"fas fa-chevron-right\" aria-hidden=\"true\">Consulter l&rsquo;annuaire officiel des praticiens agr\u00e9\u00e9s<\/i><\/a><\/p>\n<\/div>\n<p>&nbsp;<\/p>\n<h2 style=\"text-align: center;\"><strong><a href=\"https:\/\/harmonietoulouse.com\/index.php\/infos-pratiques-2\/\">Prendre RDV<\/a><\/strong><\/h2>\n<div><\/div>\n<p class=\"mt-20 mb-20 page-pba__medic\"><b>La Psycho-Bio-Acupressure est une discipline non m\u00e9dicale, et ne remplace en aucun cas un suivi m\u00e9dical et ne se substitue pas non plus \u00e0 un traitement prescrit par un m\u00e9decin. Seul le m\u00e9decin ayant prescrit un traitement est habilit\u00e9 \u00e0 le modifier.<\/b><\/p>\n<div class=\"jetpack-video-wrapper\"><iframe loading=\"lazy\" title=\"5 points un point c&#039;est tout\" width=\"767\" height=\"575\" src=\"https:\/\/www.youtube.com\/embed\/ms0QHouKqo0?feature=oembed\" frameborder=\"0\" allow=\"accelerometer; autoplay; clipboard-write; encrypted-media; gyroscope; picture-in-picture; web-share\" referrerpolicy=\"strict-origin-when-cross-origin\" allowfullscreen><\/iframe><\/div>\n<section class=\"av_textblock_section\">\n<div class=\"avia_textblock\"><\/div>\n<\/section>\n","protected":false},"excerpt":{"rendered":"<p>Institut Dr Delatte: www.psycho-bio-acupressure Pr\u00e9sentation de la PBA Cr\u00e9\u00e9e par le Docteur Pierre-Noel Delatte, m\u00e9decin et acupuncteur fran\u00e7ais, la Psycho Bio Acupressure ou PBA permet &hellip; <\/p>\n","protected":false},"author":1,"featured_media":0,"parent":0,"menu_order":0,"comment_status":"open","ping_status":"open","template":"","meta":{"_monsterinsights_skip_tracking":false,"_monsterinsights_sitenote_active":false,"_monsterinsights_sitenote_note":"","_monsterinsights_sitenote_category":0,"footnotes":""},"class_list":["post-33","page","type-page","status-publish","hentry"],"jetpack_sharing_enabled":true,"_links":{"self":[{"href":"https:\/\/harmonietoulouse.com\/index.php\/wp-json\/wp\/v2\/pages\/33","targetHints":{"allow":["GET"]}}],"collection":[{"href":"https:\/\/harmonietoulouse.com\/index.php\/wp-json\/wp\/v2\/pages"}],"about":[{"href":"https:\/\/harmonietoulouse.com\/index.php\/wp-json\/wp\/v2\/types\/page"}],"author":[{"embeddable":true,"href":"https:\/\/harmonietoulouse.com\/index.php\/wp-json\/wp\/v2\/users\/1"}],"replies":[{"embeddable":true,"href":"https:\/\/harmonietoulouse.com\/index.php\/wp-json\/wp\/v2\/comments?post=33"}],"version-history":[{"count":39,"href":"https:\/\/harmonietoulouse.com\/index.php\/wp-json\/wp\/v2\/pages\/33\/revisions"}],"predecessor-version":[{"id":1248,"href":"https:\/\/harmonietoulouse.com\/index.php\/wp-json\/wp\/v2\/pages\/33\/revisions\/1248"}],"wp:attachment":[{"href":"https:\/\/harmonietoulouse.com\/index.php\/wp-json\/wp\/v2\/media?parent=33"}],"curies":[{"name":"wp","href":"https:\/\/api.w.org\/{rel}","templated":true}]}}