{"id":845,"date":"2021-10-27T10:48:06","date_gmt":"2021-10-27T09:48:06","guid":{"rendered":"https:\/\/harmonietoulouse.com\/?page_id=845"},"modified":"2024-02-04T15:05:47","modified_gmt":"2024-02-04T14:05:47","slug":"adios","status":"publish","type":"page","link":"https:\/\/harmonietoulouse.com\/index.php\/adios\/","title":{"rendered":"ADIOS"},"content":{"rendered":"<h5 class=\"content-box-heading fusion-responsive-typography-calculated\" style=\"text-align: center;\"><img loading=\"lazy\" decoding=\"async\" class=\"alignnone size-full wp-image-855 alignleft\" style=\"font-size: 16px;\" src=\"https:\/\/harmonietoulouse.com\/wp-content\/uploads\/2021\/10\/Logo-Bleu-Horizontale-V1-300x90-1.png\" alt=\"\" width=\"300\" height=\"90\" \/><\/h5>\n<h3 style=\"text-align: left;\"><\/h3>\n<p>&nbsp;<\/p>\n<h3><\/h3>\n<p>Voici les outils que j&rsquo;utilise en plus de la PBA, je vous laisse en prendre connaissance.<\/p>\n<p>&nbsp;<\/p>\n<p><strong>Pour ceux qui souhaitent \u00eatre parrain\u00e9s pour suivre la formation Adios, sachez que je peux vous parrainer, ainsi vous obtiendrez 10% de r\u00e9duction sur la formation!!\u00a0<\/strong><\/p>\n<h3><\/h3>\n<h3 style=\"text-align: center;\"><strong>ADIOS (Activation de l&rsquo;inconscient orient\u00e9 vers la solution)<\/strong><\/h3>\n<h4 style=\"text-align: center;\"><strong>Mais avant tout, Adios c&rsquo;est quoi exactement??<\/strong><\/h4>\n<p data-fusion-font=\"true\" data-fusion-google-font=\"Montserrat\" data-fusion-google-variant=\"400\">Sp\u00e9cialis\u00e9 dans les addictions, l\u2019Institut ADIOS (Activation de l\u2019Inconscient Orient\u00e9e vers la Solution) a pour but de lib\u00e9rer les personnes souffrant d\u2019addictions. Fond\u00e9 par Sarah NACASS en 2012, l\u2019Institut ADIOS est port\u00e9 par une double vocation, aider et former.<\/p>\n<p style=\"text-align: center;\" data-fusion-font=\"true\" data-fusion-google-font=\"Montserrat\" data-fusion-google-variant=\"400\"><b><span data-fusion-font=\"true\" data-fusion-google-font=\"Montserrat\" data-fusion-google-variant=\"600\">Aider les personnes \u00e0 se lib\u00e9rer de leur(s) addiction(s)<\/span><\/b><\/p>\n<p data-fusion-font=\"true\" data-fusion-google-font=\"Montserrat\" data-fusion-google-variant=\"400\">Nous partons du principe que les addictions rel\u00e8vent d\u2019un comportement dysfonctionnel que l\u2019on peut changer et non d\u2019une maladie. L\u2019accompagnement a pour objectif de retrouver \u00e9quilibre et libert\u00e9 sans compensation, sans m\u00e9dicaments, via la Reprogrammation Mentale Rapide.<\/p>\n<div class=\"fusion-text fusion-text-1\">\n<h4 style=\"text-align: center;\" data-fusion-font=\"true\" data-fusion-google-font=\"Montserrat\" data-fusion-google-variant=\"400\"><strong>UNE NOUVELLE APPROCHE DE L\u2019\u00caTRE HUMAIN<\/strong><\/h4>\n<\/div>\n<div class=\"fusion-text fusion-text-2\">\n<p data-fusion-font=\"true\" data-fusion-google-font=\"Montserrat\" data-fusion-google-variant=\"200\"><span data-fusion-font=\"true\" data-fusion-google-font=\"Montserrat\" data-fusion-google-variant=\"400\">Depuis l\u2019ann\u00e9e 2012, l\u2019Institut ADIOS se d\u00e9ploie partout en France afin de cr\u00e9er un r\u00e9seau ADIOS. Gr\u00e2ce au d\u00e9veloppement de<\/span>\u00a0<b>cette m\u00e9thode de soins alternatifs,\u00a0<\/b>nous accompagnons toutes\u00a0<b>les personnes en souffrance,<\/b>\u00a0qui n\u2019ont pas r\u00e9ussi \u00e0 s\u2019en sortir par le biais des m\u00e9thodes traditionnelles.<\/p>\n<p data-fusion-font=\"true\" data-fusion-google-font=\"Montserrat\" data-fusion-google-variant=\"200\"><span data-fusion-font=\"true\" data-fusion-google-font=\"Montserrat\" data-fusion-google-variant=\"400\">La m\u00e9thode ADIOS n\u2019est pas n\u00e9e d\u2019une simple th\u00e9orie mais surtout de l\u2019exp\u00e9rience d\u2019une personne qui a su mettre en \u00e9vidence le fruit de plusieurs ann\u00e9es de recherches exp\u00e9rimentales issues des nouvelles d\u00e9couvertes en NeuroSciences.<\/span><\/p>\n<p data-fusion-font=\"true\" data-fusion-google-font=\"Montserrat\" data-fusion-google-variant=\"400\">Dipl\u00f4m\u00e9e de tr\u00e8s nombreuses \u00e9coles de th\u00e9rapies br\u00e8ves, et form\u00e9e avec les plus grands Ma\u00eetres d\u2019Europe en Hypnose et en Psychologie \u00c9nerg\u00e9tique, Sarah se sp\u00e9cialise dans les addictions. Et, c\u2019est en \u00e9coutant ses clients qu\u2019elle d\u00e9couvre tr\u00e8s vite les 2 lignes de force de la m\u00e9thode ADIOS qu\u2019elle va cr\u00e9er :<\/p>\n<\/div>\n<ul class=\"fusion-checklist fusion-checklist-1\">\n<li class=\"fusion-li-item\"><i class=\"fusion-li-icon fa-angle-right fas\" aria-hidden=\"true\"><\/i>\n<div class=\"fusion-li-item-content\">\n<p data-fusion-font=\"true\">Toute addiction rel\u00e8ve d\u2019un ou plusieurs traumatismes qui bien souvent r\u00e9activent une cha\u00eene de blessures jusqu\u2019\u00e0 un ou plusieurs troubles de l\u2019attachement issus de la petit enfance;<\/p>\n<\/div>\n<\/li>\n<li class=\"fusion-li-item\"><i class=\"fusion-li-icon fa-angle-right fas\" aria-hidden=\"true\"><\/i>\n<div class=\"fusion-li-item-content\">\n<p data-fusion-font=\"true\">L\u2019hypnose seule parfois ne suffit pas pour en finir avec une ou plusieurs addictions. Pour certaines personnes, une partie de l\u2019inconscient n\u2019est pas vraiment pr\u00eate \u00e0 accepter facilement que la personne stoppe son addiction.<\/p>\n<\/div>\n<\/li>\n<\/ul>\n<div class=\"fusion-text fusion-text-3\">\n<p>Aussi la M\u00e9thode ADIOS est-elle une combinaison de plusieurs techniques\u2026 12 techniques de changement rapide s\u00e9lectionn\u00e9es pour leur puissance de communication avec la dynamique inconsciente de la personne\u2026. comme l\u2019hypnose bien-s\u00fbr avec d\u2019autres techniques de lib\u00e9ration du mental et des traumatismes.<\/p>\n<p>L\u2019objectif de la m\u00e9thode ADIOS est d\u2019aller encore plus loin que l\u2019hypnose. L\u2019utilisation de toutes ces techniques est parfois n\u00e9cessaire pour venir \u00e0 bout des addictions les plus tenaces. Le nombre d\u2019heures n\u00e9cessaires est diff\u00e9rent pour chaque personne ainsi que la r\u00e9partition des techniques. C\u2019est pourquoi tout commence par un entretien pr\u00e9alable d\u2019\u00e9valuation.<\/p>\n<\/div>\n<div class=\"fusion-fullwidth fullwidth-box fusion-builder-row-7 fusion-flex-container hundred-percent-fullwidth non-hundred-percent-height-scrolling\">\n<div class=\"fusion-builder-row fusion-row fusion-flex-align-items-flex-start\">\n<div class=\"fusion-layout-column fusion_builder_column fusion-builder-column-10 fusion_builder_column_1_1 1_1 fusion-flex-column\">\n<div class=\"fusion-column-wrapper fusion-flex-justify-content-flex-start fusion-content-layout-column\" style=\"text-align: center;\">\n<h3 class=\"fusion-text fusion-text-7\" style=\"text-align: center;\"><\/h3>\n<p><strong><span style=\"color: #7c7c7c; font-family: Montserrat;\">LES 12 TECHNIQUES DE LA M\u00c9THODE ADIOS<\/span><\/strong><\/p>\n<div class=\"fusion-separator\">\n<div class=\"fusion-separator-border sep-single\"><\/div>\n<\/div>\n<div class=\"fusion-content-boxes content-boxes columns row fusion-columns-4 fusion-columns-total-12 fusion-content-boxes-2 content-boxes-icon-on-side content-left\" data-animationoffset=\"top-into-view\">\n<div class=\"fusion-column content-box-column content-box-column content-box-column-1 col-lg-3 col-md-3 col-sm-3 fusion-content-box-hover content-box-column-first-in-row\" style=\"text-align: center;\">\n<div class=\"col content-box-wrapper content-wrapper link-area-box icon-hover-animation-fade\" data-animationoffset=\"top-into-view\">\n<div class=\"heading icon-left\">\n<h5 class=\"content-box-heading fusion-responsive-typography-calculated\"><strong>1. LA COHERENCE CARDIAQUE<\/strong><\/h5>\n<\/div>\n<div class=\"content-container\">Lorsque le rythme cardiaque passe \u00e0 la coh\u00e9rence \u00e0 la suite d\u2019un changement<br \/>\nd\u2019\u00e9tat \u00e9motionnel, notre rythme respiratoire se synchronise automatiquement avec le c\u0153ur,<br \/>\nce qui\u00a0<span data-fusion-font=\"true\" data-fusion-google-font=\"Montserrat\" data-fusion-google-variant=\"500\">renforce et stabilise le passage \u00e0 la coh\u00e9rence de l\u2019ensemble du corps.<\/span><\/div>\n<\/div>\n<\/div>\n<\/div>\n<div><\/div>\n<\/div>\n<\/div>\n<\/div>\n<\/div>\n<div class=\"fusion-fullwidth fullwidth-box fusion-builder-row-7 fusion-flex-container hundred-percent-fullwidth non-hundred-percent-height-scrolling\">\n<div class=\"fusion-builder-row fusion-row fusion-flex-align-items-flex-start\">\n<div class=\"fusion-layout-column fusion_builder_column fusion-builder-column-10 fusion_builder_column_1_1 1_1 fusion-flex-column\">\n<div class=\"fusion-column-wrapper fusion-flex-justify-content-flex-start fusion-content-layout-column\" style=\"text-align: center;\">\n<div class=\"fusion-content-boxes content-boxes columns row fusion-columns-4 fusion-columns-total-12 fusion-content-boxes-2 content-boxes-icon-on-side content-left\" style=\"text-align: left;\" data-animationoffset=\"top-into-view\">\n<div class=\"fusion-column content-box-column content-box-column content-box-column-2 col-lg-3 col-md-3 col-sm-3 fusion-content-box-hover \" style=\"text-align: center;\">\n<div class=\"col content-box-wrapper content-wrapper link-area-box icon-hover-animation-fade\" data-animationoffset=\"top-into-view\">\n<div class=\"heading icon-left\">\n<h5 class=\"content-box-heading fusion-responsive-typography-calculated\">2. LES TECHNIQUES DE LIBERATION DU MENTAL<\/h5>\n<\/div>\n<div class=\"fusion-clearfix\">Si vous \u00eates en qu\u00eate d\u2019un changement durable et rapide cette m\u00e9thode est la plus efficace. En combinant ceci avec la PNL, vous avez une approche novatrice.<\/div>\n<div class=\"fusion-clearfix\">Vous serez en mesure d\u2019utiliser MER \u00e0 surmonter la procrastination, la d\u00e9pression et les phobies.<\/div>\n<\/div>\n<\/div>\n<\/div>\n<\/div>\n<\/div>\n<\/div>\n<\/div>\n<div class=\"fusion-fullwidth fullwidth-box fusion-builder-row-7 fusion-flex-container hundred-percent-fullwidth non-hundred-percent-height-scrolling\">\n<div class=\"fusion-builder-row fusion-row fusion-flex-align-items-flex-start\">\n<div class=\"fusion-layout-column fusion_builder_column fusion-builder-column-10 fusion_builder_column_1_1 1_1 fusion-flex-column\">\n<div class=\"fusion-column-wrapper fusion-flex-justify-content-flex-start fusion-content-layout-column\" style=\"text-align: center;\">\n<div class=\"fusion-content-boxes content-boxes columns row fusion-columns-4 fusion-columns-total-12 fusion-content-boxes-2 content-boxes-icon-on-side content-left\" data-animationoffset=\"top-into-view\">\n<div class=\"fusion-column content-box-column content-box-column content-box-column-2 col-lg-3 col-md-3 col-sm-3 fusion-content-box-hover \">\n<div><\/div>\n<\/div>\n<div class=\"fusion-column content-box-column content-box-column content-box-column-3 col-lg-3 col-md-3 col-sm-3 fusion-content-box-hover \">\n<div class=\"col content-box-wrapper content-wrapper link-area-box icon-hover-animation-fade\" data-animationoffset=\"top-into-view\">\n<div class=\"heading icon-left\">\n<h5 class=\"content-box-heading fusion-responsive-typography-calculated\">3. LA TSBH (\u00e9q. EMDR)<\/h5>\n<\/div>\n<div class=\"fusion-clearfix\">Elle apporte une alternative aux traitements des<\/div>\n<div class=\"fusion-clearfix\">traumas, du stress posttraumatique et propose \u00e9galement des applications dans d\u2019autres<\/div>\n<div class=\"fusion-clearfix\">domaines (d\u00e9pendances, deuil, l\u2019aide aux personnes handicap\u00e9es ou soumises \u00e0 des<\/div>\n<div class=\"fusion-clearfix\">traitements chimiques lourds).<\/div>\n<\/div>\n<\/div>\n<div class=\"fusion-column content-box-column content-box-column content-box-column-4 col-lg-3 col-md-3 col-sm-3 fusion-content-box-hover content-box-column-last-in-row\" style=\"text-align: center;\">\n<div class=\"col content-box-wrapper content-wrapper link-area-box icon-hover-animation-fade\" data-animationoffset=\"top-into-view\">\n<div class=\"heading icon-left\">\n<h5 class=\"content-box-heading fusion-responsive-typography-calculated\">4. LA T5P<\/h5>\n<\/div>\n<div class=\"content-container\">C\u2019est une m\u00e9thode bas\u00e9e sur un mod\u00e8le qui contient des \u00e9l\u00e9ments d\u2019hypnose, de psychanalyse, de PNL, d\u2019analyse transactionnelle et de psychologie \u00e9nerg\u00e9tique. Elle trouve son essence dans la sagesse ancestrale.<\/div>\n<\/div>\n<\/div>\n<\/div>\n<div class=\"fusion-content-boxes content-boxes columns row fusion-columns-4 fusion-columns-total-12 fusion-content-boxes-2 content-boxes-icon-on-side content-left\" data-animationoffset=\"top-into-view\">\n<div class=\"fusion-column content-box-column content-box-column content-box-column-5 col-lg-3 col-md-3 col-sm-3 fusion-content-box-hover content-box-column-first-in-row\">\n<div class=\"col content-box-wrapper content-wrapper link-area-box icon-hover-animation-fade\" data-animationoffset=\"top-into-view\">\n<div class=\"heading icon-left\">\n<h5 class=\"content-box-heading fusion-responsive-typography-calculated\">5. LA PNL STYLE BANDLER<\/h5>\n<\/div>\n<div class=\"content-container\">La PNL est la m\u00e9thodologie de la\u00a0<span data-fusion-font=\"true\" data-fusion-google-font=\"Montserrat\" data-fusion-google-variant=\"500\">r\u00e9ussite et de l\u2019excellence.<\/span>\u00a0Il s\u2019agit de l\u2019\u00e9tude des<br \/>\ncomportements \u00e0 succ\u00e8s. Plut\u00f4t que de s\u2019int\u00e9resser \u00e0 ce qui ne va pas chez une personne<br \/>\ncomme en psychologie, elle va s\u2019int\u00e9resser \u00e0 tout ce qui va bien. Et c\u2019est pourquoi, quand quelqu\u2019un excelle dans son domaine, elle va en tirer la quintessence<br \/>\npour l\u2019apprendre pour soi ou le transmettre \u00e0 d\u2019autres.<\/div>\n<\/div>\n<\/div>\n<div class=\"fusion-column content-box-column content-box-column content-box-column-6 col-lg-3 col-md-3 col-sm-3 fusion-content-box-hover \">\n<div class=\"col content-box-wrapper content-wrapper link-area-box icon-hover-animation-fade\" data-animationoffset=\"top-into-view\">\n<div class=\"heading icon-left\">\n<h5 class=\"content-box-heading fusion-responsive-typography-calculated\">6. LE REENCODAGE MATRICIEL<\/h5>\n<\/div>\n<div class=\"content-container\">\n<p>Cette m\u00e9thode pr\u00e9sente de nombreux b\u00e9n\u00e9fices. En effet, elle est facile \u00e0 utiliser et douce<br \/>\npour le client, permet de trouver rapidement des probl\u00e8mes de fond, et les traumas et croyances qui s\u2019y relient. Cette m\u00e9thode fonctionne m\u00eame pour des clients qui sont dissoci\u00e9s et qui ne peuvent se connecter aux \u00e9motions li\u00e9es \u00e0 des \u00e9v\u00e8nements traumatiques.<\/p>\n<\/div>\n<\/div>\n<\/div>\n<div class=\"fusion-column content-box-column content-box-column content-box-column-7 col-lg-3 col-md-3 col-sm-3 fusion-content-box-hover \">\n<div class=\"col content-box-wrapper content-wrapper link-area-box icon-hover-animation-fade\" data-animationoffset=\"top-into-view\">\n<div class=\"heading icon-left\">\n<h5 class=\"content-box-heading fusion-responsive-typography-calculated\">7. LA REINTEGRATION DES PARTIES (\u00e9q. IFS)<\/h5>\n<\/div>\n<div class=\"content-container\">\n<p>Ce mod\u00e8le de la personnalit\u00e9 est d\u2019un apport extraordinaire lorsqu\u2019on travaille d\u2019une part<br \/>\navec l\u2019EFT ou avec d\u2019autres techniques de psychologie \u00e9nerg\u00e9tique comme la technique des<br \/>\ncinq phrases et surtout avec des clients ayant v\u00e9cu des traumas ou ayant un trouble de<br \/>\nl\u2019attachement.<\/p>\n<\/div>\n<\/div>\n<\/div>\n<div class=\"fusion-column content-box-column content-box-column content-box-column-8 col-lg-3 col-md-3 col-sm-3 fusion-content-box-hover content-box-column-last-in-row\">\n<div class=\"col content-box-wrapper content-wrapper link-area-box icon-hover-animation-fade\" data-animationoffset=\"top-into-view\">\n<div class=\"heading icon-left\">\n<h5 class=\"content-box-heading fusion-responsive-typography-calculated\">8. L&rsquo;HYPNOSE RAPIDE<\/h5>\n<\/div>\n<div class=\"content-container\">\n<p>En th\u00e9rapie, l\u2019hypnose rapide n\u2019est pas de l\u2019hypnose de spectacle, ce n\u2019est pas fait<br \/>\npour \u00ab \u00e9pater le client \u00bb, m\u00eame si cela a la vocation d\u2019aller vite : elle est toujours\u00a0\u00e9cologique par rapport au client et \u00e0 son objectif d\u00e9sir\u00e9 ! Ce qui veut dire en clair que\u00a0l\u2019hypnose th\u00e9rapeutique rapide agit dans l\u2019int\u00e9r\u00eat du client alors que l\u2019hypnose de<br \/>\nspectacle agit dans l\u2019int\u00e9r\u00eat du spectacle.<\/p>\n<\/div>\n<\/div>\n<\/div>\n<div class=\"fusion-column content-box-column content-box-column content-box-column-9 col-lg-3 col-md-3 col-sm-3 fusion-content-box-hover content-box-column-first-in-row\">\n<div class=\"col content-box-wrapper content-wrapper link-area-box icon-hover-animation-fade\" data-animationoffset=\"top-into-view\">\n<div class=\"heading icon-left\">\n<h5 class=\"content-box-heading fusion-responsive-typography-calculated\">9. L&rsquo;HYPNOSE CONVERSATIONNELLE<\/h5>\n<\/div>\n<div class=\"content-container\">\n<p>L\u2019hypnose conversationnelle est une forme d\u2019hypnose \u00e9veill\u00e9e qui utilise des protocoles d\u2019induction sur un sujet, sans que celui-ci ne s\u2019en rende compte.<\/p>\n<\/div>\n<\/div>\n<\/div>\n<div class=\"fusion-column content-box-column content-box-column content-box-column-10 col-lg-3 col-md-3 col-sm-3 fusion-content-box-hover \">\n<div class=\"col content-box-wrapper content-wrapper link-area-box icon-hover-animation-fade\" data-animationoffset=\"top-into-view\">\n<div class=\"heading icon-left\">\n<h5 class=\"content-box-heading fusion-responsive-typography-calculated\">10. L&rsquo;HYPNOSE ERICKSONIENNE<\/h5>\n<\/div>\n<div class=\"content-container\">\n<p>Les techniques Ericksoniennes sont tellement multiples et vari\u00e9es qu\u2019un grand nombre<br \/>\nd\u2019outils utilis\u00e9s par les hypnotiseurs sont issus de l\u2019hypnose Eriksonienne. Tout d\u2019abord le<br \/>\nlangage Ericksonien, tellement riche et g\u00e9nial, \u00e9galement les m\u00e9taphores, les techniques de<br \/>\nvisualisation, les suggestions indirectes, la confusion, ce qui laisse de toutes fa\u00e7ons, une large place \u00e0 la cr\u00e9ativit\u00e9 et \u00e0 l\u2019intuition\u2026<\/p>\n<\/div>\n<\/div>\n<\/div>\n<div class=\"fusion-column content-box-column content-box-column content-box-column-11 col-lg-3 col-md-3 col-sm-3 fusion-content-box-hover \">\n<div class=\"col content-box-wrapper content-wrapper link-area-box icon-hover-animation-fade\" data-animationoffset=\"top-into-view\">\n<div class=\"heading icon-left\">\n<h5 class=\"content-box-heading fusion-responsive-typography-calculated\">11. EFT<\/h5>\n<\/div>\n<div class=\"content-container\">\n<p>L\u2019EFT travaille directement sur la partie \u00ab paralys\u00e9e \u00bb du syst\u00e8me \u00e9nerg\u00e9tique. Quand<br \/>\nl\u2019\u00e9nergie commence \u00e0 couler de nouveau, la personne se trouve rapidement libre d\u2019un<br \/>\ncertain poids, sans n\u00e9cessairement comprendre pourquoi.<\/p>\n<\/div>\n<\/div>\n<\/div>\n<div class=\"fusion-column content-box-column content-box-column content-box-column-12 col-lg-3 col-md-3 col-sm-3 fusion-content-box-hover content-box-column-last content-box-column-last-in-row\">\n<div class=\"col content-box-wrapper content-wrapper link-area-box icon-hover-animation-fade\" data-animationoffset=\"top-into-view\">\n<div class=\"heading icon-left\">\n<h5 class=\"content-box-heading fusion-responsive-typography-calculated\">12. EFT CLINIQUE<\/h5>\n<\/div>\n<div class=\"content-container\">\n<p>Cette pratique psycho-\u00e9nerg\u00e9tique de lib\u00e9ration des \u00e9motions qui utilise les m\u00e9ridiens \u00e9nerg\u00e9tiques chinois. En ce sens, c\u2019est une technique qui s\u2019appuie sur certains principes issus de l\u2019acupuncture et de l\u2019EMDR (eye movement desensitization and reprocessing). Cet outil vise \u00e0 supprimer les \u00e9motions n\u00e9gatives en tapotant des points sp\u00e9cifiques d\u2019acupuncture.<\/p>\n<p>&nbsp;<\/p>\n<p>Pour en savoir plus, se faire aider ou se former:<\/p>\n<h4><a href=\"https:\/\/institutadios.com\/\">Accueil (institutadios.com)<\/a><\/h4>\n<p><strong><em>Quelques t\u00e9moignages: <a href=\"https:\/\/institutadios.com\/temoignages\/\">T\u00e9moignages (institutadios.com)<\/a><\/em><\/strong><\/p>\n<\/div>\n<\/div>\n<\/div>\n<div class=\"fusion-clearfix\"><\/div>\n<\/div>\n<\/div>\n<\/div>\n<\/div>\n<\/div>\n<div class=\"fusion-fullwidth fullwidth-box fusion-builder-row-8 fusion-flex-container faded-background fusion-parallax-none hundred-percent-fullwidth non-hundred-percent-height-scrolling fusion-no-small-visibility fusion-animated\" data-animationtype=\"fadeInLeft\" data-animationduration=\"2.0\" data-animationoffset=\"top-into-view\"><\/div>\n","protected":false},"excerpt":{"rendered":"<p>&nbsp; Voici les outils que j&rsquo;utilise en plus de la PBA, je vous laisse en prendre connaissance. &nbsp; Pour ceux qui souhaitent \u00eatre parrain\u00e9s pour &hellip; <\/p>\n","protected":false},"author":1,"featured_media":0,"parent":0,"menu_order":0,"comment_status":"closed","ping_status":"closed","template":"","meta":{"_monsterinsights_skip_tracking":false,"_monsterinsights_sitenote_active":false,"_monsterinsights_sitenote_note":"","_monsterinsights_sitenote_category":0,"footnotes":""},"class_list":["post-845","page","type-page","status-publish","hentry"],"jetpack_sharing_enabled":true,"_links":{"self":[{"href":"https:\/\/harmonietoulouse.com\/index.php\/wp-json\/wp\/v2\/pages\/845","targetHints":{"allow":["GET"]}}],"collection":[{"href":"https:\/\/harmonietoulouse.com\/index.php\/wp-json\/wp\/v2\/pages"}],"about":[{"href":"https:\/\/harmonietoulouse.com\/index.php\/wp-json\/wp\/v2\/types\/page"}],"author":[{"embeddable":true,"href":"https:\/\/harmonietoulouse.com\/index.php\/wp-json\/wp\/v2\/users\/1"}],"replies":[{"embeddable":true,"href":"https:\/\/harmonietoulouse.com\/index.php\/wp-json\/wp\/v2\/comments?post=845"}],"version-history":[{"count":24,"href":"https:\/\/harmonietoulouse.com\/index.php\/wp-json\/wp\/v2\/pages\/845\/revisions"}],"predecessor-version":[{"id":1216,"href":"https:\/\/harmonietoulouse.com\/index.php\/wp-json\/wp\/v2\/pages\/845\/revisions\/1216"}],"wp:attachment":[{"href":"https:\/\/harmonietoulouse.com\/index.php\/wp-json\/wp\/v2\/media?parent=845"}],"curies":[{"name":"wp","href":"https:\/\/api.w.org\/{rel}","templated":true}]}}